- 4*b = w. What is the units digit of r?
4
What is the units digit of 2/(-9) - (-256)/18?
4
Let s(c) be the second derivative of c**3/6 + 7*c**2 - 2*c. Suppose -p - p = 0. What is the units digit of s(p)?
4
Let l(n) = -2*n**3 - 7*n**2 - 8*n - 8. What is the tens digit of l(-4)?
4
What is the hundreds digit of (-3)/(-7) - 12364/(-77)?
1
Let h(a) = a - 9. Let v be h(6). What is the tens digit of (7 + v - 14)*-3?
3
Suppose 0 = -5*k + 3*k + 140. Suppose -2*i = -k - 24. What is the units digit of i?
7
Let y(w) = w**3 + 10*w**2 - w + 6. What is the tens digit of y(-9)?
9
What is the tens digit of (-1 + 0)/((-777)/387 - -2)?
2
Let z(l) = l**2 + 8*l + 2. Let x be z(-8). Let j(v) = 5*v - x*v + v - 6. What is the units digit of j(5)?
4
Suppose 0 = -3*z + 4*z - 83. What is the tens digit of z?
8
Let f(n) = n. Let m(k) = 18*k + 1. Let l(z) = 5*f(z) - m(z). Let p(h) = h**3 + 3*h**2 + h + 2. Let a be p(-3). What is the tens digit of l(a)?
1
Let z be -9 + (-5)/((-5)/(-3)). Let a = z + 9. Let y = a - -11. What is the units digit of y?
8
Suppose -z - 96 = -5*z. What is the tens digit of z?
2
Suppose -4*v + 6 = 5*r - 27, 0 = -r - 2*v + 3. What is the units digit of r?
9
Let l = 6 + -4. What is the units digit of l*(-1)/((-2)/1)?
1
Let i(j) = -j**2 - 8*j - 9. Let t be i(-6). Suppose -t*w = -5 - 4. What is the units digit of w?
3
Let w(p) = -2 + 0*p**3 - p + 3*p**3 - 4*p**3 - 6*p**2. What is the units digit of w(-6)?
4
Let x = 0 - -2. Suppose 2*t - x*a = -3*a + 5, 9 = 3*a. What is the units digit of t?
1
Suppose 2*y = y + 5*s - 4, 5 = y + 4*s. Let b(q) = -2*q + 3*q + y - 5. What is the units digit of b(6)?
2
Suppose -4*i - 5 + 1 = 0. Let s be (-1 - -2)*(5 - i). Suppose 38 = 4*h - s. What is the tens digit of h?
1
Let t = -1 - -3. What is the units digit of t?
2
Let p = 14 - 8. Suppose p = 5*q + 1. What is the units digit of q?
1
Let c(n) = 2*n**3 + 2*n**2 - 3*n + 1. Let f(a) = 4*a**3 + 4*a**2 - 6*a + 2. Let y(v) = 13*c(v) - 6*f(v). What is the tens digit of y(2)?
1
Suppose 19*i = 22*i - 255. What is the units digit of i?
5
Let o be -1*2/2 - 0. Let z be (1 - 0 - 4)*o. Suppose z*k + 9 = 4*k. What is the units digit of k?
9
Let s = 0 - 0. Suppose 5*f = s, -2*c + 8 = -f - 0. Suppose 0 = 2*x + u - 15, u + 39 = c*x - 0*u. What is the units digit of x?
9
Let k = -3 + 7. Let l(o) = -2*o + 1 - k*o + 3*o. What is the units digit of l(-2)?
7
Let w(s) = -s**2 - 34*s + 42. What is the hundreds digit of w(-21)?
3
Let a(f) = 2*f - 4. Let r(i) = i**3 + i**2 + 1. Let p(g) = -a(g) - r(g). Let o be p(2). Let k = o + 28. What is the units digit of k?
5
Let w(j) = -j + 55. What is the tens digit of w(-16)?
7
Suppose 4*w - 3*w - 5*h = 55, 6 = -3*h. Let y = w + -26. What is the units digit of y?
9
Let q = -27 + 19. Let i = q + 13. Suppose i = 3*s - 2*s. What is the units digit of s?
5
Suppose -4*h + 17 = -5*b, 3*b = -0*h - 4*h + 9. Let d = h - 3. Suppose -4*z + z + 12 = d. What is the units digit of z?
4
Suppose -3*b - 2*b + 85 = 0. What is the tens digit of b?
1
What is the units digit of (42/10 - 6)/(2/(-10))?
9
Let q be (-256)/(-6) + (-4)/6. Let w(y) = y**2 + 5*y + 3. Let r be w(-5). Suppose r*x - 2*v - 19 = 0, 5*v - 23 = -5*x + q. What is the units digit of x?
9
Let v = -23 + 4. Let h = 36 + v. What is the units digit of h?
7
Let c(h) = 20*h + 10. What is the tens digit of c(5)?
1
Let j(r) = 2*r**3 - 10*r**2 + 6*r + 4. Let v be j(6). Suppose -27 + v = -5*u. Let i = -10 - u. What is the units digit of i?
7
Suppose t = y + 22, 0*t + 3*t = y + 68. What is the units digit of t?
3
Suppose 7*c + 2*s - 416 = 3*c, -c - 2*s = -104. What is the tens digit of c?
0
Let a = -26 + 45. Suppose 0 = -s + a - 7. What is the tens digit of s?
1
Suppose o - 4*s - 15 = -0*s, 4*o = s. Let m(a) = -a - 1. Let v(z) = 9*z**3 + 3*z + 4. Let n(r) = -5*m(r) - v(r). What is the units digit of n(o)?
8
Let k = 13 - 0. Let f = k + 4. What is the units digit of f?
7
Suppose -4*m = -5*w + 4, -37 + 13 = -w - 5*m. What is the units digit of 8 + (w/2 - 0)?
0
Suppose -6*j + 197 - 47 = 0. What is the tens digit of j?
2
Suppose 0 = -2*q - 11 - 53. Let z = 54 + q. What is the units digit of z?
2
Suppose 6 = -0*y + 3*y. Suppose 0 = 2*a - 7*a. Suppose a = y*i - 19 - 1. What is the tens digit of i?
1
What is the units digit of -3*3*(-16)/24?
6
Suppose u - 23 = 27. Suppose u = 5*z - 0*z. What is the tens digit of z?
1
What is the units digit of 4*9/12 - -86?
9
Let p = 28 + -17. Suppose 0 = -5*a + p + 9. What is the units digit of a?
4
Let c(t) = -t**3 + 2*t - 1. Let n be c(-2). Suppose n*x = -v + 10 + 7, 4*x - 12 = 4*v. Suppose -v*l + 10 = -10. What is the tens digit of l?
1
Suppose -8 = -5*u + 2. Let y be 0*u/(-6) - 0. Let a = y + 3. What is the units digit of a?
3
Let b(x) = x**2 + 3*x + 6. What is the units digit of b(-3)?
6
Let z(h) = h**3 + 7*h**2 - 4*h + 7. What is the tens digit of z(-7)?
3
Let n = -104 + 101. Let t be ((-4)/(-10))/((-1)/(-5)). Let d = t - n. What is the units digit of d?
5
Let u = 31 - -10. What is the tens digit of u?
4
Let x(b) be the third derivative of 0*b + 0 - 2*b**2 - 1/24*b**4 - 1/2*b**3. What is the units digit of x(-4)?
1
Let d be 4/(-12)*(0 - 0). Let c = d - -9. What is the units digit of c?
9
Suppose 150 + 336 = 6*b. What is the units digit of b?
1
Let g = 22 - 1. What is the tens digit of g?
2
Let b(t) = -4*t**2 - 3*t**2 - 4 - 4*t**3 + 7*t + 3*t**3. Let i be b(-8). Suppose -q = -5*q + i. What is the units digit of q?
1
Let f = 6 + 10. Let b = f - -11. Suppose -5*k = -b - 38. What is the tens digit of k?
1
Let b be 70*(-3)/((-15)/2). What is the units digit of 12/30 + b/5?
6
Suppose -b + 1 + 7 = 0. Suppose 3*r + b = 5*r. Let z = r + -3. What is the units digit of z?
1
Let t(o) = -o**2 + 6*o + 3. Let h be t(6). Suppose h*w - 23 = 19. What is the units digit of w?
4
Suppose -4*t - 5*p + 115 = -213, -8 = 2*p. What is the units digit of t?
7
Let h = -7 + 12. Suppose 4*q + 2*b - 36 = 7*b, 4*q + 2*b - 8 = 0. Let n = h - q. What is the units digit of n?
1
Suppose 2*y - 2*u - 20 = 0, -3*u - 40 = 2*y - 7*y. Let m = -4 + y. What is the units digit of (5/(-10))/(m/(-6))?
3
Let d = 69 - 25. What is the tens digit of d?
4
Let w(s) = -4*s. Let v(x) = x - 1. Let y be v(-3). Let d be w(y). Let p = d + -6. What is the tens digit of p?
1
Let a be (-94)/(-10) + 4/(-10). Let h = a + -5. Suppose 0 = -3*b - s - 1 + 8, h*b = -s + 11. What is the units digit of b?
4
Let y(n) = n**3 + 3*n**2 + 3*n + 2. Let x be y(-2). Suppose x*d = 5*d - 50. What is the units digit of d?
0
Let u = -6 + -1. What is the tens digit of (-2)/u + 340/35?
1
Suppose 0 = -2*z + 5 + 3. Let v be 2/z + 31/2. Suppose -3*p + v = -14. What is the tens digit of p?
1
Let q = -28 + 52. What is the units digit of q?
4
Suppose -y = 4*o - 16, 5*y = o + o - 8. Suppose 2*x - o + 0 = 0. Suppose -l + 11 = 4*l + 2*j, -x*j + 8 = 2*l. What is the units digit of l?
1
Suppose r + 0*r + 4 = 0. Let y = -1 - r. Suppose -y*o + 8 + 10 = 0. What is the units digit of o?
6
Suppose -1 = s - 5. Let l(y) = y**3 - 5*y**2 + 4*y - 7. Let g be l(5). Let q = g - s. What is the units digit of q?
9
What is the units digit of (-278)/(-3) + (-2)/(-6) + -1?
2
Let k(r) = -r**2 - 3*r - 3. Let f be k(-2). Let w = -1 - f. Suppose -4*q + 4 = 0, 2*q = 5*l - w*q - 13. What is the units digit of l?
3
Let d = -13 + 7. Let v = 7 + -4. What is the units digit of v/d + 18/4?
4
What is the units digit of (-57)/(-7) + (-2)/14?
8
Let x(m) = -5*m**3 - 3*m**2 - 3*m - 1. What is the tens digit of x(-2)?
3
Let k = -22 - -19. What is the tens digit of (k + 0)*(-34)/3?
3
Let r = -12 + 12. Suppose r*g + 30 = g. What is the tens digit of g?
3
Let x(n) = -36*n**3 + n. What is the tens digit of x(-1)?
3
Suppose 3*l - 282 = -27. What is the tens digit of l?
8
What is the tens digit of 5/((-5)/36)*-2?
7
Suppose 0 = -3*m - 2*m - 10. What is the tens digit of 0/(-2) - 46/m?
2
Let k be -1*(-2 - -1)/(-1). Let r = k + 16. What is the units digit of r?
5
Suppose -3*g + 211 = 5*k, 2*k - 3*g = 48 + 49. What is the tens digit of k?
4
Let s(a) = -6*a**2 + 5*a - 9. Let p(w) = -w**2 - w - 1. Let o(r) = -5*p(r) + s(r). Let y be o(9). Let j(n) = n**2 - 4*n + 4. What is the units digit of j(y)?
9
Let f = -9 + 3. Let c(o) = -o**3 - 5*o**2 + 6*o + 9. Let i be c(f). Suppose 30 = 3*n + i. What is the units digit of n?
7
L